be c(17). Suppose -64*r + 67*r = t. Let s = 149 - r. List the prime factors of s.
2
Let c(f) be the second derivative of -f**5/20 - 3*f**4/4 + f**3/3 + f**2/2 - 5*f. Let g be c(-11). What are the prime factors of g*(-2)/(-2) + 1?
2, 3, 37
Suppose -2*a - 133 = -145. List the prime factors of (-8)/a - (-2)/(24/4708).
17, 23
Let p = -8308 + 13253. What are the prime factors of p?
5, 23, 43
Let n be (1 - 1) + ((-15)/(-3) - 7). Let b be (-15)/n + (-2)/4. Let g = 79 + b. What are the prime factors of g?
2, 43
Let v = 43586 + 9345. What are the prime factors of v?
41, 1291
Let c(g) = 5*g - 2*g - 7 + 19 + 5*g. Let x be c(9). Let l = x + -38. List the prime factors of l.
2, 23
Suppose -10*g - 50418 = -2*j - 5*g, 2*j = 3*g + 50430. List the prime factors of j.
2, 3, 1051
Let j(p) = 10*p - 7. Let l be j(11). Suppose 3*h = -5*t + h + l, -3 = 3*h. List the prime factors of t.
3, 7
Let k = 45676 - 31011. List the prime factors of k.
5, 7, 419
Suppose -3*i + 2*n = 66, 65 + 52 = -5*i + n. List the prime factors of -96*(162/i - 0).
2, 3
Let b be 1 + 1 - 8 - -10. Suppose b*q + 5220 = 11*f - 7*f, 3*q = -6. What are the prime factors of f?
1303
Let s be (-54)/12 + (-3)/2. Let o(y) = -6*y - 32. Let g be o(s). Suppose -4*p + 556 = 2*i + 2*i, 5*p + g*i - 700 = 0. List the prime factors of p.
2, 3
Suppose r - 2 = 0, 2*r + 21 = -2*t + 33. List the prime factors of t.
2
Let i be 736/192 + (34/(-12) - -2). List the prime factors of -377*i*12/(-18).
2, 13, 29
Let j(q) = 1778*q - 323. List the prime factors of j(9).
15679
Let j(t) = -5*t - 18. Let f be j(-4). Suppose 18 = k - c + 179, -3*c - 312 = f*k. Let r = 241 + k. What are the prime factors of r?
2, 41
Let h(u) = -u**2 - 9*u + 41. Let f be h(-12). Suppose 4*g + 0*o - 649 = 3*o, 0 = f*g + o - 835. What are the prime factors of g?
2, 83
What are the prime factors of (-182)/(316/40 - 8)?
2, 5, 7, 13
Suppose -1309 - 1745 = -6*y. Suppose 260 = j + 4*h, y = -5*j - 4*h + 1809. What are the prime factors of j?
2, 5, 13
Suppose -3*w = -2*q - 2*w + 271, 3*q = -4*w + 423. Suppose 4*a - q = -a - 3*o, 0 = -2*a - o + 55. What are the prime factors of a?
2, 7
Let h = 378 - 109. Let b = h - 117. What are the prime factors of b?
2, 19
Suppose -103336 = -2*z + k + 30440, 0 = 5*z - 5*k - 334460. What are the prime factors of z?
2, 23, 727
Let z(y) = 75*y**2 + 5611*y + 40. What are the prime factors of z(-82)?
2, 3, 73, 101
Suppose 2*x - n - 17 = -0*n, -3*x - 2*n = -36. Suppose 22*u + x*u = 39296. List the prime factors of u.
2, 307
Suppose -4*c - 83518 = -3*d, -2*d = -2*c - 68042 + 12358. What are the prime factors of d?
2, 5, 557
Let n be 21/2 + -4*(-8)/(-64). Suppose -3*g + n*g - 3640 = 0. List the prime factors of g.
2, 5, 13
Let n(h) = 37 + h - h**2 - 37. Let z be n(-5). What are the prime factors of (-562)/(-12) + (-5)/z?
47
Let w(v) = -3*v**3 - 28*v**2 - 7*v + 13. Let o be w(-9). Let b(a) = 15*a + 326. What are the prime factors of b(o)?
251
What are the prime factors of 2534/(-49)*3976/(-16)?
71, 181
Let x(g) = -18*g**3 + 5*g**2 - 11*g - 14. Let r be x(6). What are the prime factors of r/(-16) + (-9)/12 + 1?
3, 79
Let i(w) = 36*w**2 + 1. Let b be (4/4*0)/2. Suppose 3*d + b*n = 5*n - 13, 0 = d - 5*n + 11. What are the prime factors of i(d)?
37
Suppose -z = z - 4*t - 24, -2*z + 22 = -5*t. Suppose 0 = -5*x + z*x - 2882. What are the prime factors of x?
2, 131
Let d = -13688 + 23860. Suppose d = 12*q - 1804. What are the prime factors of q?
2, 499
What are the prime factors of -9*(-4599)/54*(-8)/(-14)?
2, 3, 73
Let t(f) = 23*f**2 - 13*f + 604. What are the prime factors of t(27)?
2, 5, 23, 37
Let s(r) = -r**3 - 36*r**2 - 5*r - 47. Let m(f) = -f**3 - 18*f**2 - 3*f - 23. Let c(v) = 5*m(v) - 2*s(v). What are the prime factors of c(-8)?
13, 31
Let z = 538 - 642. What are the prime factors of 156/z*(-88)/6?
2, 11
Let g(r) = -20*r + 2. Let w be (-7)/(-35) + (-1)/5. Suppose w = 3*s - 4*s - 5. List the prime factors of g(s).
2, 3, 17
Let w be 3/(-2)*(-18 + 20). Let p be (16/w)/4*-12. Suppose -h + 113 + 111 = 4*b, 0 = 4*h - p. What are the prime factors of b?
5, 11
Let v be (-777)/(-6) + 5/10. Suppose -f = 5*u - 4643, 5*f = 4*u - 3856 + v. List the prime factors of u.
929
Suppose -12*n + 18*n = -3282. Let t = 937 + n. List the prime factors of t.
2, 3, 5, 13
Let m(j) = 8492*j - 312. What are the prime factors of m(5)?
2, 41, 257
Let s = 72 + -104. Let w be (-2)/(-2)*(-7 - s). Suppose -w*o + 30*o = 380. List the prime factors of o.
2, 19
Suppose -68*y - 7529 = -77*y + 46399. What are the prime factors of y?
2, 7, 107
Suppose -299500 = -26*a + 536785 + 558121. List the prime factors of a.
3, 59, 101
Let g = 281 - -131. Let l = -91 + g. List the prime factors of l.
3, 107
Let v(y) = -1010*y**3 - 30*y**2 - 58*y - 8. What are the prime factors of v(-2)?
2, 2017
Let j = 56 + -54. Let c(k) = 34 + 16 - 28 - k**j - 23*k. What are the prime factors of c(-23)?
2, 11
Let t(m) = -2*m**3 - 7*m**2 - 2*m + 1. Let b(u) = -5*u**2 - 2*u + 2. Let a be b(1). Let y be t(a). Let s = 144 - y. List the prime factors of s.
2, 29
Suppose 11*w = -6*w - 68. What are the prime factors of 0 - (w + 290/(-5))?
2, 31
Let g be (50/(-10) + -53)/(-2*1). Suppose -5*b = -n + 733, 2*n + 25*b - 1460 = g*b. List the prime factors of n.
2, 7, 13
Let l = 160 + -104. List the prime factors of 1341 + 7/(49/l).
19, 71
Let u(c) = 8*c**2 + 5*c - 6. Let z be (-4)/4 + 12 - (6 + -1). What are the prime factors of u(z)?
2, 3, 13
Suppose 2220 = -6*m + 10836. Suppose -1437 = -4*x - 3*k, -4*x = 4*k - 0*k - m. What are the prime factors of x?
2, 3, 5
Let o = -3585 + 29174. List the prime factors of o.
25589
Suppose 3*l - 9*l = -18. Let b(x) = 4*x**2 - 1. Let f be b(-1). Suppose -f*i = -15, l*w + 6*i - 3*i - 219 = 0. What are the prime factors of w?
2, 17
Suppose 2*b + 779 = k + 3*b, 0 = -b + 4. Suppose k = 2*d + 169. List the prime factors of d.
3, 101
Suppose 0 = -4*o + 4*m - 10 + 170, -2*m = -4*o + 164. Let c be ((-99)/(-4))/(o/(-112)). Let r = -37 - c. What are the prime factors of r?
29
Suppose -o = -5*n + 65166, 0 = 4*n + 14*o - 19*o - 52116. List the prime factors of n.
2, 7, 19
Let y = -6149 + 17072. List the prime factors of y.
3, 11, 331
Suppose -22*o + 30270 = -64726. What are the prime factors of o?
2, 17, 127
Let z(p) be the third derivative of p**6/120 - p**5/10 + p**4/4 - 19*p**3/6 + p**2. Suppose 42 = 32*y - 26*y. What are the prime factors of z(y)?
2, 3
Suppose 0 = -32*m + 12 + 468. Suppose m*q = 50*q - 49630. List the prime factors of q.
2, 709
Suppose 3*c = 3*r - 24, -3*r + 4*c + 0*c + 28 = 0. Suppose -30 = -7*i + r*i. Suppose -9*v = -i*v + 150. List the prime factors of v.
2, 3, 5
Suppose 525882 = 109*u - 259572. What are the prime factors of u?
2, 3, 1201
Let n(b) = b - 9*b - 1 + 9*b. Let h be n(3). Suppose 5*x + 3*s = 387, -2*x + 3*x - 67 = h*s. List the prime factors of x.
3, 5
Let m(w) be the third derivative of 3*w**6/20 + w**5/60 - w**4/12 - w**3/2 + 19*w**2. Let p be m(-2). Let q = 271 + p. List the prime factors of q.
2, 3, 11
Let m be 306/(-357)*(56/(-6))/2. What are the prime factors of (-1890)/(-28)*m/6?
3, 5
Let v(l) = -3*l**3 + 7*l**2 - 21*l - 67. What are the prime factors of v(-14)?
3, 29, 113
Let h = -113 - -101. List the prime factors of 559 - 3*1*h/(-9).
3, 5, 37
Suppose 236*w - 257*w + 92232 = 0. What are the prime factors of w?
2, 3, 61
Let g(r) be the first derivative of -141*r**4/4 + r**3/3 + 2*r**2 + 12*r + 47. List the prime factors of g(-2).
2, 71
Let o(z) = 5*z**3 + 19*z**2 - 41*z + 55. Let w(j) = j**3 + 5*j**2 - 10*j + 14. Let n(m) = 2*o(m) - 9*w(m). What are the prime factors of n(10)?
2, 7, 13
Let l = 27 + -23. Let v be -9*(-1)/4 - 1/l. List the prime factors of ((-177)/(-2))/(v/4).
3, 59
Suppose -3*r + 1137 = 1131. Suppose -o + 24 + 383 = r*x, 608 = 3*x + o. What are the prime factors of x?
3, 67
Let g(c) be the first derivative of -c**4/4 - 5*c**3 - 2*c**2 - 20*c + 101. Let q = -38 + 23. What are the prime factors of g(q)?
2, 5
Let z(y) = 630*y**2 - 4*y - 13. List the prime factors of z(3).
5, 1129
Let g be (126/28)/(2/12). Suppose 2*l + 11 = g. Let t(h) = -h**3 + 9*h**2 - 1. What are the prime factors of t(l)?
3, 7
Let k be (8/(-12))/((-1)/6). Suppose 2*c - 77 = v - 378, -k*v + 3*c = -1219. What are the prime factors of v?
307
Let r(o) = 3*o*